6. Calculate n(-21).
-184
Let a(c) = -604*c - 57390. Calculate a(-95).
-10
Let q(w) = -2*w**3 + 6*w**2 + 26*w + 37. What is q(6)?
-23
Let k(a) = -2*a**3 + 22*a**2 - 25*a + 4. Calculate k(10).
-46
Let w(m) = 21*m + 451. Calculate w(-22).
-11
Let q(a) = 104*a + 826. What is q(-8)?
-6
Let o(a) = a**3 - 10*a**2 + 3*a - 26. Calculate o(10).
4
Let z(o) = -2*o**2 - 23*o + 2258. Give z(-40).
-22
Let r(x) = -x**3 - 27*x**2 - 164*x - 38. Give r(-18).
-2
Let p(s) = -69*s + 2137. Calculate p(31).
-2
Let x(b) = -695*b + 4847. Determine x(7).
-18
Let a(c) = 28*c**3 + c**2 - 5*c - 12. Determine a(-2).
-222
Let n(p) = -807*p + 115. Give n(1).
-692
Let d(r) = 142*r - 3110. Give d(22).
14
Let t(b) = 7*b**2 - 118*b - 637. Calculate t(21).
-28
Let a(v) = 2*v**2 - 378*v + 1488. What is a(185)?
8
Let d(n) = n**3 + 9*n**2 - 14*n + 26. Determine d(-10).
66
Let f(v) = -v**3 - 146*v**2 + 421*v - 3835. Calculate f(-149).
39
Let y(w) = -w**3 - 31*w**2 - 2*w + 270. What is y(-31)?
332
Let o(z) = z**3 - 53*z**2 + 577*z - 90. What is o(15)?
15
Let y(c) = -21*c - 37. Determine y(-1).
-16
Let i(t) = 256*t + 1495. Determine i(-6).
-41
Let j(x) = 23*x - 177. Give j(10).
53
Let i(x) = -66*x + 305. Determine i(6).
-91
Let b(p) = 27*p**3 - 10*p**2 + 21*p + 6. Give b(3).
708
Let l(k) = 47*k - 799. What is l(17)?
0
Let z(i) = -27*i - 1083. Calculate z(-40).
-3
Let k(r) = -22*r - 20. Give k(-27).
574
Let p(d) = -15*d + 309. What is p(24)?
-51
Let t(y) = -y**2 + 2*y - 17. What is t(4)?
-25
Let t(o) = 13*o + 458. Give t(-38).
-36
Let i(x) = -2*x + 85. Calculate i(46).
-7
Let v(i) = -12381*i - 198095. Give v(-16).
1
Let r(s) = -23*s + 149. Calculate r(11).
-104
Let f(l) = -3*l**3 + 14*l**2 + 15*l + 41. Determine f(6).
-13
Let x(a) = -2*a**3 + 7*a**2 + 8*a - 23. Determine x(6).
-155
Let x(n) = -280*n**2 + 1392*n - 5. Calculate x(5).
-45
Let y(v) = -v**3 + 23*v**2 + 33*v - 132. Give y(24).
84
Let v(c) = -5*c**2 + 51*c + 109. Determine v(-2).
-13
Let z(q) = -30*q + 18. Determine z(1).
-12
Let i(v) = -404*v + 26595. What is i(66)?
-69
Let j(u) = -1083*u + 28160. What is j(26)?
2
Let u(o) = 10*o - 69. What is u(21)?
141
Let a(w) = 33*w - 292. Give a(17).
269
Let n(s) = 2*s**3 - 222*s**2 - 221*s - 326. Calculate n(112).
10
Let c(x) = 138*x - 17. What is c(-2)?
-293
Let t(s) = -31*s - 381. Determine t(-13).
22
Let q(s) = -248*s - 9665. Calculate q(-39).
7
Let y(b) = 40*b - 772. Calculate y(17).
-92
Let x(o) = -2*o**2 - 47*o - 247. Determine x(-7).
-16
Let n(q) = -q**2 - 13*q + 124. Determine n(-21).
-44
Let a(q) = q**2 + 45*q + 253. Determine a(-36).
-71
Let r(q) = 2*q**2 - 30*q + 125. Give r(4).
37
Let v(u) = 8*u**3 - 55*u**2 + u - 22. Calculate v(7).
34
Let q(r) = -r**3 - 26*r**2 + 122*r + 46. Give q(-30).
-14
Let p(s) = -13*s + 113. Calculate p(23).
-186
Let i(x) = x**2 - 11*x - 31. Calculate i(17).
71
Let l(g) = -7*g**2 + 80*g + 588. Calculate l(-5).
13
Let b(u) = -18*u**2 - 25*u + 27. What is b(1)?
-16
Let y(a) = a**3 - 62*a**2 + 139*a - 4741. Give y(61).
17
Let l(b) = 8*b**2 + 514*b - 517. Calculate l(1).
5
Let f(a) = a**2 - 2*a - 216. Give f(19).
107
Let z(f) = 9*f - 133. Calculate z(10).
-43
Let i(h) = -74*h + 1517. Calculate i(19).
111
Let q(o) = o**3 + 19*o**2 - 97*o - 127. What is q(-23)?
-12
Let q(y) = -556*y - 39480. Determine q(-71).
-4
Let b(z) = z**3 + 4*z**2 - 26*z + 9. What is b(5)?
104
Let y(u) = u**2 - 45*u - 835. What is y(59)?
-9
Let u(t) = -52*t**2 - 42*t + 15. Calculate u(-1).
5
Let t(j) = 21*j - 306. What is t(16)?
30
Let a(i) = -3*i**3 - 18*i**2 + 2*i - 3. What is a(-6)?
-15
Let y(n) = -n**3 + 188*n**2 - 455*n + 15438. What is y(186)?
0
Let f(h) = -h**3 + 19*h**2 - 19*h - 33. Determine f(18).
-51
Let q(i) = -i**2 + 13*i + 102. Calculate q(-5).
12
Let w(q) = q**2 + 46*q + 248. Give w(-40).
8
Let d(j) = j**3 + 15*j**2 - 77*j - 283. What is d(-18)?
131
Let y(b) = 2*b**3 - 8*b**2 + 14*b + 11. Give y(5).
131
Let s(d) = -d**2 + 649*d + 7277. Determine s(-11).
17
Let t(q) = -q**2 - 25*q - 9. What is t(0)?
-9
Let a(w) = 2*w**2 + 30*w - 31. Give a(-18).
77
Let n(z) = -2*z**3 - 14*z**2 + 35*z - 18. Calculate n(-9).
-9
Let s(b) = 4812*b - 86618. Determine s(18).
-2
Let t(y) = -y**3 + 4*y**2 - 15*y + 155. Determine t(6).
-7
Let f(j) = j**2 + 2311*j + 193484. What is f(-87)?
-4
Let h(b) = b**3 + 82*b**2 - 17. Calculate h(-82).
-17
Let g(j) = -5*j**2 + 194*j - 208. What is g(38)?
-56
Let k(a) = -13*a**3 + 3*a**2 - a - 7. What is k(3)?
-334
Let a(t) = -49*t - 12. Calculate a(-5).
233
Let r(c) = -302*c - 2826. Give r(-10).
194
Let j(i) = 57*i**2 + 176*i + 14. What is j(-3)?
-1
Let l(c) = c**3 - 34*c**2 + 221*c + 82. Calculate l(25).
-18
Let b(x) = x**3 - 2*x**2 - 22. Determine b(0).
-22
Let t(n) = 40*n - 156. Calculate t(5).
44
Let o(p) = -p**3 + 7*p**2 + 6*p + 25. Give o(7).
67
Let d(h) = -2*h**3 + 17*h**2 - 25*h - 4. What is d(2)?
-2
Let s(f) = 44*f - 888. Calculate s(20).
-8
Let f(u) = -11*u**3 - 5*u**2 - 189*u - 184. Calculate f(-1).
11
Let l(y) = -y**2 - 167*y - 4721. Calculate l(-131).
-5
Let r(d) = -d**3 + 8*d**2 - 16*d + 7. Give r(7).
-56
Let o(b) = 279*b**2 - 2*b + 1. Calculate o(1).
278
Let s(o) = 484*o + 113226. What is s(-234)?
-30
Let u(i) = 215*i + 2793. Calculate u(-13).
-2
Let g(f) = 9*f**2 + 1556*f - 13209. What is g(-181)?
4
Let w(f) = 3*f**2 - 43*f - 465. Calculate w(-7).
-17
Let f(u) = 4*u**3 - 150*u**2 + 70*u + 155. Give f(37).
7
Let n(y) = -2*y**2 + 24*y - 62. Give n(10).
-22
Let g(c) = 278*c - 6670. What is g(24)?
2
Let y(v) = 10*v**2 - 168*v + 338. Calculate y(2).
42
Let s(l) = -3*l**2 - 63*l + 68. Calculate s(-22).
2
Let u(c) = 2*c**2 - 226*c + 2427. Determine u(101).
3
Let s(a) = -a**3 + 18*a**2 - 40*a - 13. Calculate s(15).
62
Let v(t) = -4586*t + 18364. Give v(4).
20
Let c(k) = -4*k**3 + 42*k**2 + 50*k - 316. What is c(11)?
-8
Let n(r) = -29*r - 134. What is n(-5)?
11
Let z(w) = -8*w**2 + 225*w - 4. Calculate z(0).
-4
Let a(s) = -s**2 - 1624*s - 11298. What is a(-7)?
21
Let a(r) = 211*r + 1703. Give a(-8).
15
Let k(s) = -s**2 + 380*s - 14491. What is k(43)?
0
Let a(v) = -28*v**3 - v**2 + 21*v - 42. Determine a(2).
-228
Let u(d) = 58*d - 533. What is u(8)?
-69
Let i(f) = 48*f + 212. Calculate i(-4).
20
Let o(g) = 2*g**3 - 33*g**2 - 29*g + 20. Calculate o(16).
-700
Let y(h) = h**2 + 107*h - 1293. Determine y(11).
5
Let t(n) = 3062*n - 9208. Calculate t(3).
-22
Let l(m) = -5*m**2 + 34*m + 89. Give l(16).
-647
Let j(p) = 13*p + 109. What is j(-9)?
-8
Let x(k) = -22*k**3 - 2*k**2 - 296*k + 295. What is x(1)?
-25
Let y(k) = -6*k + 263. Determine y(45).
-7
Let w(m) = -135*m + 551. Give w(4).
11
Let p(z) = -2*z**2 - 114*z + 491. Calculate p(4).
3
Let u(i) = -315*i - 1288. Give u(-4).
-28
Let l(f) = 2*f**3 - 5*f**2 - 51*f + 111. Determine l(2).
5
Let x(q) = 2*q**3 + 36*q**2 + 42*q + 115. Give x(-17).
-21
Let u(g) = -71*g + 1566. Calculate u(22).
4
Let a(n) = -2*n**3 - 3*n**2 - 3*n + 3. What is a(-3)?
39
Let a(s) = 58*s**3 + 3*s**2 + s - 3. Give a(1).
59
Let g(l) = -26*l - 39. What is g(-5)?
91
Let b(u) = 1422*u - 2807. Calculate b(2).
37
Let x(u) = u**3 - 27*u**2 + 85*u - 198. Calculate x(24).
114
Let s(n) = n + 105. Determine s(21).
126
Let l(c) = -8518*c - 34001. Give l(-4).
71
Let k(r) = -33*r - 25. Give k(-3).
74
Let w(p) = -179*p + 8353. Calculate w(47).
-60
Let g(q) = 6645*q + 33228. Give g(-5).
3
Let f(d) = -2*d**3 + 8*d**2 - 4*d - 23. Calculate f(3).
-17
Let y(l) = -l**3 - 5*l**2 - 25*l - 8. Give y(-6).
178
Let z(n) = n**3 - 8*n**2 + 19*n + 21. Calculate z(6).
63
Let c(w) = 257*w + 397. Give c(-2).
-117
Let n(i) = i**3 - 12*i**2 - 4*i - 79. Calculate n(11).
-244
Let h(z) = 15*z**2 - 18*z + 9. Calculate h(2).
33
Let j(a) = 35*a**2 + 112*a - 650. Determine j(3).
1
Let y(d) = 345*d - 48296. What is y(140)?
4
Let q(b) = 6*b - 17. Give q(0).
-17
Let q(g) = g**2 - 24*g + 153. Calculate q(13).
10
Let u(x) = 4*x**2 - 210*x + 99. Calculate u(52).
-5
Let u(g) = 17*g**2 + 28*g + 3. Determine u(-4).
163
Let y(b) = -2*b**3 - 3*b**2 + 4*b + 14. Give y(2).
-6
Let v(x) = 16*x**2 + 7*x. Calculate v(4).
284
Let h(a) = -33*a**2 + 340*a - 94. What is h(10)?
6
Let h(n) = 26*n - 13. Calculate h(-2).
-65
Let g(z) = -107*z + 9885. Calculate g(93).
-66
Let x(u) = 41*u**2 - 19*u + 19. What is x(1)?
41
Let w(i) = -i**2 - 275*i - 8999. What is w(-38)?
7
Let y(a) = -a**2 - 667*a +